6
What is -322266 (base 11) in base 9?
-865008
What is 5e3065 (base 15) in base 9?
8442515
-2009878 (base 10) to base 2
-111101010101100010110
-11010101101000100 (base 2) to base 12
-53370
Convert -100001010101100011011010 (base 2) to base 7.
-134165143
11301230223 (base 4) to base 7
15604551
-2503110 (base 7) to base 9
-537470
-13a5020 (base 12) to base 15
-52edd9
10221212222021 (base 3) to base 7
23611513
Convert 1011011110101110100110 (base 2) to base 13.
814a4b
What is -976163 (base 14) in base 3?
-100122102122122
Convert -100220211012 (base 3) to base 6.
-4103522
Convert 1a9ae (base 15) to base 14.
23792
-1d84a8 (base 15) to base 11
-8a8084
Convert 142b5 (base 16) to base 13.
2b7ab
Convert -154256 (base 9) to base 2.
-10111001100000111
Convert 2b929 (base 12) to base 5.
3434214
What is 5135220 (base 6) in base 4?
330011130
Convert 1122100002000 (base 3) to base 15.
12387c
What is dc23 (base 16) in base 3?
2212022020
Convert -11211121212 (base 3) to base 10.
-95225
22021302130 (base 4) to base 14
4d3d36
What is -201231332 (base 4) in base 8?
-415576
What is -2540226 (base 7) in base 14?
-87cbd
What is -10011011011010101 (base 2) in base 8?
-233325
576458 (base 9) to base 6
11225255
1162856 (base 10) to base 13
3193a6
-2569235 (base 10) to base 7
-30560324
What is -2158d (base 15) in base 5?
-11342013
What is -23361500 (base 7) in base 14?
-3baa00
Convert -31466 (base 7) to base 3.
-101200112
Convert -235e6 (base 15) to base 2.
-11011100001001100
What is 210654 (base 11) in base 10?
337528
-2ba28b7 (base 12) to base 6
-515113551
1bd4c5 (base 14) to base 10
997029
What is 106500200 (base 7) in base 5?
3134223303
What is 52821 (base 13) in base 2?
100100010001100010
What is 2a5a0 (base 13) in base 16?
138c3
77acac (base 16) to base 8
35726254
Convert 971130 (base 14) to base 3.
100121201202211
What is 7b2796 (base 12) in base 14?
3957d8
-53b25 (base 15) to base 7
-2154545
What is -22213012 (base 4) in base 8?
-124706
-221120100211 (base 3) to base 10
-503275
3013113321 (base 4) to base 16
c75f9
Convert 7511034 (base 9) to base 8.
17260575
Convert -43422 (base 5) to base 9.
-4078
What is -47560 (base 10) in base 13?
-18856
What is -a1aac (base 13) in base 5?
-33232024
What is 1e9e (base 15) in base 2?
1101000010010
-5302404 (base 7) to base 14
-129104
Convert 14423053 (base 9) to base 13.
1639173
Convert 272673 (base 8) to base 9.
155215
1730243 (base 8) to base 2
1111011000010100011
-141580 (base 14) to base 15
-db04e
-101210201112 (base 3) to base 8
-637272
What is 1213220033 (base 5) in base 6?
141240353
Convert 251366 (base 11) to base 7.
3242435
Convert 1502236 (base 9) to base 7.
10016661
What is -58041 (base 11) in base 14?
-2280a
Convert 70567 (base 11) to base 12.
4b851
Convert 140023010 (base 7) to base 8.
42450553
212203123 (base 4) to base 9
260551
10011000101111111110 (base 2) to base 7
5214042
428224 (base 15) to base 6
151510254
Convert -1018d (base 14) to base 12.
-1a501
What is -11536564 (base 8) in base 5?
-1122220433
What is -12211013211 (base 4) in base 13?
-485169
Convert 123012320123 (base 4) to base 10.
7106075
-276765 (base 12) to base 5
-131414034
What is -13202112 (base 5) in base 7?
-1055322
What is -230766 (base 11) in base 13?
-cb036
Convert 2100002112 (base 3) to base 7.
251045
-6238027 (base 9) to base 16
-32d8bc
What is -3d101 (base 15) in base 10?
-195976
What is -144742 (base 8) in base 3?
-2121220011
What is 37137 (base 15) in base 12?
85881
Convert -5620810 (base 9) to base 3.
-12200200220100
What is -6623244 (base 7) in base 12?
-332389
What is -111100100100000101000 (base 2) in base 14?
-39933a
Convert 316271 (base 8) to base 3.
12100221020
-3102340 (base 5) to base 15
-edb5
22700 (base 14) to base 16
146ec
Convert 4110441 (base 5) to base 15.
149eb
What is 1233334 (base 6) in base 8?
202472
-c7385c (base 13) to base 5
-2143212323
What is -a48482 (base 12) in base 10?
-2585762
-1073440 (base 12) to base 6
-151122520
Convert 10000100100100101 (base 2) to base 11.
46aa7
What is -123159 (base 13) in base 10?
-435249
-655513 (base 10) to base 5
-131434023
-600184 (base 9) to base 6
-11332551
Convert 10111111001100001111 (base 2) to base 5.
200024434
What is 143176 (base 8) in base 7?
301101
What is -2251324 (base 6) in base 7?
-661162
What is 93586 (base 11) in base 16?
2150d
What is 430431330 (base 6) in base 5?
3420443411
Convert 6313603 (base 9) to base 4.
30313332312
Convert 13541414 (base 6) to base 4.
1301113102
What is 1100011100100011100101 (base 2) in base 14?
60d057
186514a (base 11) to base 10
3154645
62973 (base 13) to base 8
532337
-85999 (base 12) to base 7
-1331643
What is -103310023311 (base 4) in base 14?
-993069
-27cc46 (base 16) to base 7
-31112035
4312045 (base 7) to base 10
524137
What is 5a184 (base 12) in base 5?
12334304
-1100100010101110001 (base 2) to base 12
-179a15
What is -1841765 (base 10) in base 3?
-10110120102112
What is -200202211101 (base 3) in base 7?
-3066124
What is 11533b (base 13) in base 16?
64704
Convert -b94007 (base 12) to base 2.
-1011001011100000000111
Convert 2928237 (base 10) to base 13.
7b6ab0
102220211102000 (base 3) to base 15
851da3
What is -442263 (base 9) in base 7?
-2150010
Convert -142242032 (base 6) to base 4.
-23013121010
What is -40244002 (base 5) in base 3?
-121100100202
Convert -28c01 (base 14) to base 4.
-120230101
What is 102415434 (base 7) in base 3?
102102110202110
What is -1318036 (base 10) in base 4?
-11001302110
What is -34f9fe (base 16) in base 3?
-20112101111210
Convert 41884 (base 14) to base 5.
20024332
13f13 (base 16) to base 8
237423
Convert -135000 (base 9) to base 12.
-3b809
What is 115333112 (base 6) in base 9?
4154248
What is 184d0c (base 15) in base 14?
22a47a
63151563 (base 7) to base 10
5323650
What is -20111121122 (base 3) in base 8?
-372030
What is 100101100211 (base 3) in base 13?
660bb
Convert -1011000000101111 (base 2) to base 16.
-b02f
What is -2043413 (base 5) in base 7?
-201543
What is 34512143 (base 6) in base 7?
12033042
Convert 2b0064b (base 12) to base 6.
510404135
Convert 6a4b2 (base 12) to base 7.
1132115
Convert -3843068 (base 11) to base 5.
-3201300342
What is 2523230 (base 6) in base 12?
66516
Convert 490742 (base 14) to base 10.
2498470
What is -2601a (base 13) in base 3?
-10120110201
What is 33133000 (base 4) in base 14?
19184
What is 11000000110101110110 (base 2) in base 10?
789878
-25a61a (base 11) to base 16
-63f14
What is -31315664 (base 7) in base 8?
-12052323
Convert -450641 (base 7) to base 13.
-2a299
Convert -4214544 (base 6) to base 4.
-301330000
Convert 28872 (base 11) to base 16.
a011
What is -11795 (base 10) in base 13?
-54a4
-2244822 (base 11) to base 10
-3930104
Convert -90635 (base 10) to base 15.
-1bcc5
What is -1147d5 (base 16) in base 8?
-4243725
-4335744 (base 8) to base 5
-244142322
22791 (base 13) to base 14
18c6d
What is 10111011001010011100 (base 2) in base 12?
30b790
What is 10110100110000010100 (base 2) in base 13?
1cbcb9
Convert 55391 (base 11) to base 12.
3a597
2121122212010 (base 3) to base 9
2548763
Convert 1e89b9 (base 16) to base 14.
3a14c9
Convert 374b1 (base 13) to base 15.
202c2
Convert 210210232 (base 4) to base 12.
7283a
What is -570b (base 16) in base 4?
-11130023
Convert -30b95 (base 14) to base 3.
-12222020011
Convert -3beed (base 15) to base 6.
-4042341
10033020 (base 5) to base 9
132236
What is -1144425 (base 6) in base 11?
-41619
-13332 (base 4) to base 12
-366
What is 8870a (base 14) in base 13?
b7677
26631475 (base 8) to base 4
112303030331
5699956 (base 10) to base 14
a8535a
What is -331326 (base 11) in base 10?
-528798
1137a01 (base 13) to base 11
2aa067a
Convert -282137 (base 9) to base 14.
-46a51
What is -1500465 (base 9) in base 14?
-1775a5
What is 769331 (base 14) in base 9?
7507183
What is -b54959 (base 12) in base 5?
-1212132414
What is -1200456 (base 7) in base 2?
-100100111111001100
-907944 (base 10) to base 4
-3131222220
Convert -1459cc (base 13) to base 12.
-200397
-76bcca (base 14) to base 8
-17273112
Convert 5d4b8 (base 15) to base 8.
1106131
-a970 (base 13) to base 14
-8846
What is -4263163 (base 8) in base 13?
-30c075
Convert 451502 (base 6) to base 9.
57082
Convert 452543 (base 8) to base 10.
152931
Convert -113214342 (base 6) to base 2.
-10000001